{"id":238,"date":"2019-09-02T09:53:00","date_gmt":"2019-09-02T07:53:00","guid":{"rendered":"http:\/\/www.bogorinski.de\/?page_id=238"},"modified":"2023-04-25T18:15:15","modified_gmt":"2023-04-25T16:15:15","slug":"low-vision","status":"publish","type":"page","link":"https:\/\/www.bogorinski.de\/?page_id=238","title":{"rendered":"Low Vision"},"content":{"rendered":"\t\t<div data-elementor-type=\"wp-page\" data-elementor-id=\"238\" class=\"elementor elementor-238\" data-elementor-post-type=\"page\">\n\t\t\t\t\t\t<section class=\"elementor-section elementor-top-section elementor-element elementor-element-c61b285 elementor-section-boxed elementor-section-height-default elementor-section-height-default\" data-id=\"c61b285\" data-element_type=\"section\" data-e-type=\"section\">\n\t\t\t\t\t\t<div class=\"elementor-container elementor-column-gap-default\">\n\t\t\t\t\t<div class=\"elementor-column elementor-col-100 elementor-top-column elementor-element elementor-element-2571600\" data-id=\"2571600\" data-element_type=\"column\" data-e-type=\"column\">\n\t\t\t<div class=\"elementor-widget-wrap elementor-element-populated\">\n\t\t\t\t\t\t<div class=\"elementor-element elementor-element-c011cfa elementor-widget elementor-widget-heading\" data-id=\"c011cfa\" data-element_type=\"widget\" data-e-type=\"widget\" data-widget_type=\"heading.default\">\n\t\t\t\t<div class=\"elementor-widget-container\">\n\t\t\t\t\t<h1 class=\"elementor-heading-title elementor-size-default\">Low Vision<\/h1>\t\t\t\t<\/div>\n\t\t\t\t<\/div>\n\t\t\t\t<section class=\"elementor-section elementor-inner-section elementor-element elementor-element-65c47b0 elementor-section-boxed elementor-section-height-default elementor-section-height-default\" data-id=\"65c47b0\" data-element_type=\"section\" data-e-type=\"section\">\n\t\t\t\t\t\t<div class=\"elementor-container elementor-column-gap-default\">\n\t\t\t\t\t<div class=\"elementor-column elementor-col-100 elementor-inner-column elementor-element elementor-element-c373372\" data-id=\"c373372\" data-element_type=\"column\" data-e-type=\"column\">\n\t\t\t<div class=\"elementor-widget-wrap elementor-element-populated\">\n\t\t\t\t\t\t<div class=\"elementor-element elementor-element-15ab11d elementor-widget elementor-widget-text-editor\" data-id=\"15ab11d\" data-element_type=\"widget\" data-e-type=\"widget\" data-widget_type=\"text-editor.default\">\n\t\t\t\t<div class=\"elementor-widget-container\">\n\t\t\t\t\t\t\t\t\t<p class=\"inhalt\">Der Begriff &#8222;Low Vision&#8220; kommt aus dem Englischen und bedeutet in der direkten \u00dcbersetzung: &#8222;eingeschr\u00e4nkt sehf\u00e4hig&#8220; oder &#8222;eingeschr\u00e4nktes Sehen&#8220;. Im deutschen Sprachgebrauch wird der Begriff &#8222;Sehbehinderung&#8220; verwendet, was aber das eigentliche Problem nicht genau trifft. Eine Sehbehinderung liegt vor, wenn trotz bestm\u00f6glicher Korrektion durch Brille oder Kontaktlinsen die Sehfunktion des Auges beeintr\u00e4chtigt sind. Eine Sehsch\u00e4rfe von Visus 0,1 (10 % Restsehsch\u00e4rfe) reicht im allgemeinen aus, um sich im Freien, bei guter Beleuchtung, zu orientieren.<\/p><p>Um Zeitungsdruck deutlich zu erkennen, gen\u00fcgt ein Visus von 0,4 bis 0,5 (40 bis 50 % Restsehsch\u00e4rfe). F\u00fcr das Telefonbuch ist ein Visusbedarf von 0,6 bis 0,7 notwendig. Eine Sehbehinderung kann jeden treffen, dennoch tritt sie \u00fcberwiegend im Alter auf. Auch die Ursachen sind sehr verschieden und k\u00f6nnen von Land zu Land sehr differenzieren. H\u00e4ufige Ursachen in unseren Breiten sind die altersbedingte Makuladegeneration (AMD), diabetische Retinopathie mit steigender Tendenz, sowie weitere Erkrankungen darunter auch Netzhautabl\u00f6sungen, Katarakt und Glaukom.<\/p><p class=\"titel\">Informationen zu Augenkrankheiten<\/p><h1>Makuladegeneration<\/h1><p class=\"inhalt\">zum Sehen kann nur noch der Periphere Teil der Netzhaut genutzt werden, w\u00e4hrend die Netzhaut im Bereich des Sehzentrums, der Makula, zerst\u00f6rt ist.<\/p><h1>Retinopathia Pigmentosa<\/h1><p class=\"inhalt\">durch ein Absterben der St\u00e4bchen in der Netzhaut engt sich das Gesichtsfeld zunehmend zu einem r\u00f6hrenf\u00f6rmigen Gesichtsfeld ein. Retinopathia Pigmentosa kann bis zur Blindheit f\u00fchren.<\/p><h1>Diabetische Retinopathie<\/h1><p class=\"inhalt\">Die Funktion der Netzhaut ist in kleinen Inseln gest\u00f6rt. In fortgeschrittenem Stadium wachsen die Inseln zu gro\u00dffl\u00e4chigen Arealen zusammen.<\/p><h1>Katarakt<\/h1><p class=\"inhalt\">Die Eintr\u00fcbung der Augenlinse f\u00fchrt neben der Verschlechterung des Visus vor allem zu verst\u00e4rkter Blendempfindlichkeit.<\/p><h1>Glaukom<\/h1><p class=\"inhalt\">Ein erh\u00f6hter Augeninnendruck f\u00fchrt zu irreversiblen Sehnervensch\u00e4digungen. Beim einfachen Glaukom bleibt das zentrale Sehen lange erhalten.<\/p><h1>Was sind vergr\u00f6\u00dfernde Sehhilfen?<\/h1><p class=\"inhalt\">Als vergr\u00f6\u00dfernde Sehhilfen bezeichnet man alle optischen und elektronischen Hilfsmittel, die einem sehbehinderten Menschen helfen, unter Nutzung seiner vorhandenen Restsehsch\u00e4rfe besser zu sehen. Nat\u00fcrlich kann nicht jedes Sehproblem gel\u00f6st bzw. jeder Sehwunsch erf\u00fcllt werden. In der Regel k\u00f6nnen vergr\u00f6\u00dfernde Sehhilfen so angepasst werden, dass die t\u00e4glich anfallenden Arbeiten des Sehbehinderten in seiner h\u00e4uslichen Umgebung ohne fremde Hilfe durchgef\u00fchrt werden k\u00f6nnen. Damit bekommt der Sehbehinderte wieder mehr Lebensqualit\u00e4t. Zu diesen Hilfsmitteln geh\u00f6ren: verst\u00e4rkte Lesebrille, Leseglas, Leuchtlupe, monokulare Lupenbrille, Fernrohrbrille, einfache elektronische Hilfsmittel, Bildschirmleseger\u00e4t. Vergr\u00f6\u00dfernde Sehhilfen haben die Aufgabe, den Visusabfall durch entsprechende Vergr\u00f6\u00dferung der Netzhautbilder zu kompensieren.<\/p><p class=\"titel\">Wann k\u00f6nnen vergr\u00f6\u00dfernde Sehhilfen helfen?<\/p><p class=\"inhalt\">Unter dem Begriff vergr\u00f6\u00dfernde Sehhilfen werden optische Hilfsmittel zusammengefasst, die dem Sehbehinderten ein besseres Sehen erm\u00f6glichen sollen. Zu diesen Hilfsmitteln geh\u00f6ren: verst\u00e4rkte Lesebrille, Leseglas, Leuchtlupe, monokulare Lupenbrille, Fernrohrbrille, einfache elektronische Hilfsmittel, Bildschirmleseger\u00e4t.<\/p><p>Eine Vergr\u00f6\u00dferung der betrachteten Objekte &#8211; Schriftzeichen, Fernsehbild usw. &#8211; kann haupts\u00e4chlich dann hilfreich sein, wenn die zentrale Sehsch\u00e4rfe durch krankhafte Ver\u00e4nderungen der Netzhautmitte herabgesetzt ist. Solche Ver\u00e4nderungen k\u00f6nnen in seltenen F\u00e4llen schon in jungen Jahren auftreten &#8211; meist als Folge einer Erbkrankheit. Sie k\u00f6nnen aber auch im Verlauf eines diabetischen Netzhautleidens entstehen. Die h\u00e4ufigste Ver\u00e4nderung der Netzhautmitte, der Makula, ist altersbedingt. Bei dieser Krankheit, der altersbedingten Makuladegeneration (AMD), werden die meisten Patienten ihr Orientierungsverm\u00f6gen bis an ihr Lebensende behalten; sie nehmen wahr, was au\u00dferhalb des zentralen Gesichtsfeldes liegt. Aber das, was sie direkt anschauen &#8211; die Mitte &#8211; ist verschwommen.<\/p><p class=\"titel\">Was k\u00f6nnen vergr\u00f6\u00dfernde Sehhilfen bewirken?<\/p><p class=\"inhalt\">An den Stellen der Netzhaut, die nicht mehr funktionst\u00fcchtig sind, ist kein genaues Erkennen m\u00f6glich. Es entstehen Bildausf\u00e4lle. Beim Lesen und bei allem, was man fixiert, st\u00f6ren sie um so mehr, je n\u00e4her sie an der Stelle des sch\u00e4rfsten Sehens liegen und je gr\u00f6\u00dfer sie sind. Optische und elektronische Hilfsmittel sind Erfolg versprechend, wenn im zentralen Bereich der Netzhaut gen\u00fcgend intakte Inseln liegen, sodass z.B. eine vergr\u00f6\u00dferte Schriftzeile zusammenh\u00e4ngend erkannt werden kann. Der Umgang mit vergr\u00f6\u00dfernden Sehhilfen kann anfangs schwierig sein. Je st\u00e4rker die Vergr\u00f6\u00dferung sein muss, desto mehr Geduld erfordert die Umstellung, denn in dem Ma\u00dfe wie die Schrift vergr\u00f6\u00dfert wird, verkleinert sich der Textausschnitt, den man auf einen Blick erfassen kann. Bei Hilfsmitteln, die man wie eine Brille tr\u00e4gt, muss man sich an einen anderen, oft erheblich geringeren Leseabstand gew\u00f6hnen. Auch die optischen Hilfsmittel f\u00fcr die Ferne sind anfangs nicht leicht zu handhaben. Doch alle diese Schwierigkeiten lassen sich durch \u00dcben \u00fcberwinden. Man muss nat\u00fcrlich den festen Willen haben, sich seine Unabh\u00e4ngigkeit zu bewahren, wieder lesen oder so gut sehen zu k\u00f6nnen, um sich mit seinem Hobby zu besch\u00e4ftigen.<\/p><p class=\"titel\">Was bekommen Sie von uns<\/p><p class=\"inhalt\">Wir f\u00fchren vergr\u00f6\u00dfernde Sehhilfen der Firmen SCHWEIZER und ESCHENBACH und sind auf das Anpassen von vergr\u00f6\u00dfernden Sehhilfen spezialisiert.<\/p>\t\t\t\t\t\t\t\t<\/div>\n\t\t\t\t<\/div>\n\t\t\t\t\t<\/div>\n\t\t<\/div>\n\t\t\t\t\t<\/div>\n\t\t<\/section>\n\t\t\t\t\t<\/div>\n\t\t<\/div>\n\t\t\t\t\t<\/div>\n\t\t<\/section>\n\t\t\t\t<\/div>\n\t\t","protected":false},"excerpt":{"rendered":"<p>Low Vision Der Begriff &#8222;Low Vision&#8220; kommt aus dem Englischen und bedeutet in der direkten \u00dcbersetzung: &#8222;eingeschr\u00e4nkt sehf\u00e4hig&#8220; oder &#8222;eingeschr\u00e4nktes&hellip;<\/p>\n","protected":false},"author":1,"featured_media":0,"parent":0,"menu_order":0,"comment_status":"closed","ping_status":"closed","template":"","meta":{"footnotes":""},"class_list":["post-238","page","type-page","status-publish","hentry"],"_links":{"self":[{"href":"https:\/\/www.bogorinski.de\/index.php?rest_route=\/wp\/v2\/pages\/238","targetHints":{"allow":["GET"]}}],"collection":[{"href":"https:\/\/www.bogorinski.de\/index.php?rest_route=\/wp\/v2\/pages"}],"about":[{"href":"https:\/\/www.bogorinski.de\/index.php?rest_route=\/wp\/v2\/types\/page"}],"author":[{"embeddable":true,"href":"https:\/\/www.bogorinski.de\/index.php?rest_route=\/wp\/v2\/users\/1"}],"replies":[{"embeddable":true,"href":"https:\/\/www.bogorinski.de\/index.php?rest_route=%2Fwp%2Fv2%2Fcomments&post=238"}],"version-history":[{"count":14,"href":"https:\/\/www.bogorinski.de\/index.php?rest_route=\/wp\/v2\/pages\/238\/revisions"}],"predecessor-version":[{"id":838,"href":"https:\/\/www.bogorinski.de\/index.php?rest_route=\/wp\/v2\/pages\/238\/revisions\/838"}],"wp:attachment":[{"href":"https:\/\/www.bogorinski.de\/index.php?rest_route=%2Fwp%2Fv2%2Fmedia&parent=238"}],"curies":[{"name":"wp","href":"https:\/\/api.w.org\/{rel}","templated":true}]}}